composite number?
False
Is 3543568933 prime?
False
Is 2313026791 a composite number?
False
Is 256748129 a prime number?
False
Is 1234882113 a prime number?
False
Is 142490061871 prime?
False
Is 35855746838 a composite number?
True
Is 309668011 a prime number?
True
Is 749189333 a prime number?
True
Is 284337137 prime?
False
Is 35963333773 a prime number?
True
Is 165229709657 prime?
True
Is 2772625493 a composite number?
True
Is 522614639 prime?
True
Is 1453507843 prime?
True
Is 740457643 a composite number?
True
Is 2170597271 a composite number?
False
Is 1362556787 composite?
False
Is 94836341 composite?
True
Is 785246323 prime?
True
Is 379346339 prime?
False
Is 547775857 a prime number?
False
Is 857694023 a prime number?
False
Is 7704039857 prime?
True
Is 609488587 a composite number?
True
Is 191763221 a composite number?
True
Is 991554697 composite?
True
Is 12714981997 a composite number?
False
Is 6114433349 a prime number?
True
Is 2246625713 prime?
False
Is 629989427 prime?
True
Is 296285377 composite?
False
Is 123269646899 a prime number?
False
Is 909030917 a prime number?
False
Is 22140088959 a prime number?
False
Is 382683137 prime?
False
Is 4704023323 composite?
False
Is 57229726243 a composite number?
False
Is 2236089361 composite?
True
Is 195101257303 a prime number?
False
Is 38450224529 a composite number?
False
Is 2438237543 composite?
True
Is 14657330291 composite?
False
Is 2903120551 composite?
True
Is 641848997 prime?
True
Is 16672072759 composite?
True
Is 36035499923 composite?
False
Is 5674539383 composite?
False
Is 3803255153 a composite number?
False
Is 31214620579 prime?
False
Is 228627268511 composite?
False
Is 3791810807 a prime number?
True
Is 796270691 prime?
True
Is 533856527 prime?
True
Is 85086763739 a prime number?
True
Is 25313916797 a prime number?
False
Is 190272747727 a prime number?
True
Is 159674147 composite?
False
Is 4832334371 composite?
True
Is 206372137 composite?
True
Is 71073157 composite?
True
Is 3346901417 a prime number?
False
Is 25550458789 a prime number?
True
Is 1134732607 a composite number?
False
Is 1466609387 a prime number?
False
Is 428307229 a composite number?
True
Is 4271588441 a prime number?
True
Is 37693334647 prime?
True
Is 16130124629 composite?
False
Is 53094571 a composite number?
True
Is 3019249367 composite?
True
Is 26962251 a prime number?
False
Is 656075807 prime?
False
Is 1438850243 a prime number?
True
Is 171811067 a prime number?
True
Is 1032783737 prime?
True
Is 56358553 a prime number?
False
Is 807683719 a composite number?
True
Is 9299128079 composite?
True
Is 6501495953 composite?
False
Is 6177129529 a composite number?
False
Is 1746155981 a prime number?
True
Is 332987401 composite?
False
Is 25102321999 a composite number?
True
Is 1822341583 prime?
True
Is 12364570657 a prime number?
True
Is 304439389 prime?
True
Is 68241469 a prime number?
False
Is 2890515091 a prime number?
False
Is 6118507133 composite?
True
Is 877291763 a composite number?
False
Is 654491977 prime?
True
Is 640467326549 a composite number?
False
Is 3473816317 prime?
False
Is 3179161819 prime?
True
Is 333230567289 a prime number?
False
Is 8732484413 a prime number?
True
Is 117702932007 prime?
False
Is 53831271089 prime?
False
Is 268641983 a prime number?
True
Is 328025791 composite?
False
Is 6366926029 composite?
False
Is 298392221 prime?
False
Is 16913339659 a prime number?
False
Is 61068659 a prime number?
False
Is 1065934997 composite?
False
Is 31379648983 a composite number?
False
Is 765962579 a prime number?
True
Is 180148693 prime?
False
Is 5423173967 a composite number?
True
Is 1364434627 composite?
False
Is 9307556927 composite?
False
Is 21329503957 a composite number?
False
Is 10089136391 composite?
True
Is 13839015301 prime?
True
Is 486332647 a prime number?
False
Is 39672447149 prime?
True
Is 6423039361 a prime number?
True
Is 8111666747 a prime number?
False
Is 1036333381 prime?
True
Is 27670863853 a prime number?
False
Is 32677788857 a composite number?
True
Is 6666854533 a prime number?
False
Is 4627141691 a prime number?
True
Is 640686337 a composite number?
True
Is 1540528991 composite?
False
Is 1867046353 a prime number?
False
Is 40777730857 composite?
False
Is 151889333 prime?
False
Is 10267822717 a prime number?
True
Is 714592597 composite?
False
Is 3269063557 composite?
False
Is 1241476183 composite?
False
Is 2487974953 prime?
False
Is 20585288507 prime?
False
Is 328965433 a prime number?
False
Is 370739687993 a prime number?
False
Is 31600433 prime?
False
Is 37899449 a composite number?
True
Is 2237671 composite?
False
Is 682485907 prime?
False
Is 9718777983 a prime number?
False
Is 267812099 a prime number?
True
Is 321661589 a composite number?
False
Is 762531505 composite?
True
Is 245204419 composite?
False
Is 70088098033 composite?
False
Is 164111587 a prime number?
False
Is 92087250481 prime?
True
Is 220825127 a prime number?
True
Is 4325366863 composite?
False
Is 216688723 prime?
False
Is 10709311607 composite?
False
Is 605418509 a prime number?
True
Is 1656639547 a composite number?
True
Is 486040063 a prime number?
True
Is 47450062535 composite?
True
Is 1038774003 composite?
True
Is 1815665395 a prime number?
False
Is 141770996099 a prime number?
False
Is 15882507385 a composite number?
True
Is 5775739589 a prime number?
False
Is 29339948921 a composite number?
True
Is 33456446333 prime?
False
Is 3054142079 prime?
False
Is 3565102301 prime?
True
Is 442240607 composite?
False
Is 22495623529 a prime number?
False
Is 251990173 composite?
False
Is 638339479 composite?
True
Is 889121473 a composite number?
True
Is 55199351693 prime?
False
Is 850065737 a composite number?
True
Is 129052385707 composite?
True
Is 18455463079 a composite number?
False
Is 454996937 composite?
False
Is 10020711913 a prime number?
False
Is 353379227 prime?
True
Is 87806098093 a composite number?
True
Is 59865823937 composite?
True
Is 3842019409 prime?
True
Is 2093283121 a prime number?
False
Is 15292848929 prime?
True
Is 1430197667 prime?
False
Is 424187609 a prime number?
True
Is 236050109 prime?
False
Is 1269813371 a prime number?
False
Is 4548606035 prime?
False
Is 2630567543 a prime number?
False
Is 27059083063 composite?
False
Is 14198130061 a composite number?
True
Is 22083990961 prime?
True
Is 1379207239 a composite number?
False
Is 88354639 a prime number?
False
Is 361360235 a prime number?
False
Is 69236595509 a composite number?
False
Is 1885624453 a prime number?
False
Is 44954317601 a composite number?
True
Is 6543127687 prime?
False
Is 187405411 a composite number?
True
Is 67544881 composite?
False
Is 410619563 a composite number?
False
Is 1051734391 prime?
True
Is 1234124531 composite?
False
Is 84207654569 a composite number?
False
Is 644163257 composite?
False
Is 62119780751 a prime number?
False
Is 15341480461 a prime number?
False
Is 2658313915 composite?
True
Is 5038172857 composite?
False
Is 1564772723 composite?
True
Is 8795111227 a prime number?
False
Is 200371723 a composite number?
False
Is 1331942819 prime?
False
Is 1343438443 composite?
True
Is 15026798747 a composite number?
True
Is 83400912449 composite?
True
Is 26438353715 a prime number?
False
Is 335591563 composite?
False
Is 1214650265 composite?
True
Is 7824942877 a composite number?
False
Is 3832519177 prime?
True
Is 677450857 a composite number?
True
Is 4929419371 composite?
True
Is 346244341 a composite number?
False
Is 570749297 a prime number?
True
Is 595564881 a prime number?
False
Is 389170541 prime?
True
Is 1596887377 prime?
True
Is 1322438423 prime?
False
Is 7763734443 composite?
True
Is 57905808847 composite?
False
Is 6898667729 a composite number?
False
Is 528033211 a prime number?
True
Is 197809835 a prime number?
False
Is 28952346209 composite?
False
Is 2919985771 a prime number?
False
Is 18678767551 composite?
True
Is 20872850806 prime?
False
Is 121434583 composite?
False
Is 7626701443 prime?
True
Is 2190079363 composite?
True
Is 1684467067 a composite number?
False
Is 133904132959 composite?
False
Is 19633223 prime?
True
Is 42965557823 prime?
False
Is 2336504981 composite?
True
Is 1542135701 a composite number?
False
Is 25547316359 composite?
False
Is 196508483 prime?
False
Is 1480011419 composite?
False
I